 = -4*j + j. Is 206/6 - w/6 a prime number?
False
Let u(j) = 4*j**3 - 2*j**2 - 2*j + 2. Let h = 0 + 2. Is u(h) composite?
True
Suppose 7684 = 3*y - 1913. Is y a prime number?
False
Is -2 + -2*1958/(-4) composite?
False
Is -1*(0 + 2053)*-1 a prime number?
True
Suppose -4*d + p - 1 + 61 = 0, d + 2*p - 6 = 0. Suppose -2*g + 3*r - r + 4 = 0, 0 = -3*g - r + d. Is (-2 - (-2 - -1)) + g prime?
True
Let s(t) = 50*t + 8. Let m be s(4). Suppose 3*g + 37 - m = 0. Is g a composite number?
True
Let i = -5 - -5. Let j = i + 0. Let o = j - -15. Is o a prime number?
False
Let v = -106 - -38. Let b = 143 + -250. Let i = v - b. Is i composite?
True
Suppose -4*c + 33 = -15. Is 435/9 - (-8)/c composite?
True
Let i(n) = 34*n**2 + n. Let y be i(2). Suppose -y = -3*s - 0*s. Is s a composite number?
True
Let r be 114/1 + 0 + 1. Suppose 0*k - r = -k. Is k composite?
True
Let s be (315/6)/5*-12. Let a = 137 - s. Is a a prime number?
True
Let g(n) = 286*n**3 + n**2 - 2*n + 1. Let y be g(2). Is ((-2)/3)/((-14)/y) composite?
False
Let a(z) = 63*z**2 + z - 1. Is a(2) a prime number?
False
Suppose -k - 4*k = 0. Suppose k = 5*u - 0 - 95. Is u composite?
False
Let n = 11 + -1. Let z(l) = l + 3. Let t be z(n). Is (t/2)/((-3)/(-18)) a composite number?
True
Suppose l + 17 = -2*h - 49, 0 = 5*h - 15. Let q = 119 + l. Is q composite?
False
Suppose -19*s + 14*s = -185. Is s a prime number?
True
Let t(x) = 157*x**2 + 4*x + 11. Let i(h) = 79*h**2 + 2*h + 5. Let f(k) = 5*i(k) - 2*t(k). Is f(-2) composite?
True
Let i = -25 - -15. Let u(l) = -l**3 - 9*l**2 + 4*l - 9. Is u(i) a composite number?
True
Let h(g) = 11*g**2 + 17*g + 51. Is h(21) composite?
True
Let y(q) = 363*q**2 + 6*q + 28. Is y(-3) a prime number?
False
Let t(o) = -7*o**3 - 3*o**2 + 2*o - 2. Let v be t(-3). Let r = -89 + v. Is r prime?
False
Suppose -2*i - 1141 - 304 = -5*h, -3*h + 867 = 2*i. Is h prime?
False
Suppose -n + 0*n + 210 = 0. Suppose -678 = -2*w + n. Suppose 2*u - w = -2*u. Is u composite?
True
Let p(g) be the first derivative of 5*g**2 + 1. Let w be p(-2). Let o = w + 29. Is o a prime number?
False
Let a = -3 - 2. Let f(l) = -l**2 - 4*l + 7. Let z be f(a). Is 78 - -1 - (z - 0) a composite number?
True
Let v(y) = 18*y**2 + 10*y - 11. Is v(5) composite?
True
Let j = 53 + -22. Suppose -3*m + j = -14. Is m composite?
True
Let c(o) = 63*o. Let s be c(-1). Let p = s - -320. Is p a prime number?
True
Let q(j) = 6*j**2 - 4*j - 4. Let m be q(4). Suppose -m - 976 = a. Is 2/(-1)*a/8 a composite number?
False
Let g(t) = -11*t + 1. Let f(u) = u**2 - 4*u + 5. Let c be f(5). Let m = -16 + c. Is g(m) a prime number?
True
Let w(c) = 3*c - 9. Let b(k) = -k + 4. Let j(p) = 10*b(p) + 4*w(p). Let m be j(4). Is (-3)/m - (-17)/4 a prime number?
False
Suppose -6*n + 3*k = -2*n - 163, -5*k + 187 = 4*n. Is n a prime number?
True
Suppose -772 = -5*t + 393. Is t a prime number?
True
Is (-2534)/(-6) - (-3)/(-9) a composite number?
True
Suppose 0 = 3*b - 2*b - 5. Suppose 288 = b*w - w. Suppose -5 = -g + w. Is g a composite number?
True
Let d = 7 + -5. Suppose 4*g - 602 = d*g. Is g composite?
True
Let q = 311 - -408. Is q a composite number?
False
Let y = -1271 + 2344. Is y a composite number?
True
Let h be -115*1*(-2)/2. Let s be (104/6)/((-6)/(-27)). Let t = h - s. Is t prime?
True
Suppose -4*u - 40 = -0*u. Let t be (4/u)/(2/(-50)). Suppose -3*m = -t - 17. Is m a composite number?
True
Let u(x) = 2*x - 5. Let p be u(4). Let q(c) = p + 0 - 7*c - 6. Is q(-6) a prime number?
False
Let z(j) = -13*j**3 + j**2 - 12*j - 9. Is z(-4) a composite number?
False
Let s = 315 - 104. Is s composite?
False
Suppose b + 3764 = 5*b. Is b composite?
False
Suppose 3*t + 1813 = 10*t. Is t a prime number?
False
Let u(m) = -29*m - 5. Let o(w) = 58*w + 10. Let b(p) = -4*o(p) - 9*u(p). Let l be b(5). Is l/4 - 1/2 a composite number?
False
Is (-919 + 12)/((0 + 1)*-1) composite?
False
Suppose -4*s = -3*h - 22 + 229, -h - 152 = 3*s. Let j = 72 + s. Is j composite?
True
Let n = 141 - 76. Suppose n = 4*w - 163. Is w composite?
True
Let h(d) = -d**2 + 2*d + 6. Let v be h(6). Let s = v + 37. Is s prime?
True
Suppose 3*p - 6 = -18. Is 174 + (0 - p) - 0 composite?
True
Let f be (-128)/14 - 1/(-7). Is (-771)/(-9) + 6/f a composite number?
True
Let k(r) = -r**3 + 10*r**2 + 13*r + 1. Let v(m) = 2*m**2 + m. Let g be v(-3). Let y = 25 - g. Is k(y) a prime number?
True
Suppose 3*k - k = 28. Suppose 2*g - 6 - k = 4*a, 6 = g - a. Suppose 22 = -g*v + 152. Is v a composite number?
True
Suppose 0 = 7*b - 2*b + 30. Is 12*(-27)/b + -1 a prime number?
True
Let g(t) = 134*t**2 + 12*t + 23. Is g(-5) a prime number?
True
Let o(n) = -n + 33. Is o(0) a prime number?
False
Suppose -3*g + 458 = -3*r - 691, 4*r - 1942 = -5*g. Is g a composite number?
True
Suppose -7*s - 548 = -6211. Is s composite?
False
Suppose -18*h + 20*h = 382. Is h composite?
False
Let j(y) = 4*y**2 + 6*y - 4. Let i be j(-8). Let c = -58 + i. Is c a composite number?
True
Suppose 0 = 3*c - c - 2. Let u(p) = 579*p + 2. Is u(c) a composite number?
True
Suppose 2*u + 2*u = -2*h + 18, 0 = -h + u + 9. Suppose 35 = g - 84. Suppose 5*k - g = -h. Is k prime?
False
Suppose 4*a = -153 + 705. Suppose -2*n = -s + a, -n = 5*s - 273 - 472. Let f = s + -69. Is f prime?
True
Let t(s) = 2*s**2 + 2*s - 10. Let r be t(9). Suppose 0 = 4*d - 178 - r. Let g = 10 + d. Is g a composite number?
False
Let t(q) = -q**2 + q - 85. Let p = -4 - 1. Let f(a) = 3*a**2 - 2*a + 170. Let s(d) = p*t(d) - 2*f(d). Is s(0) a composite number?
True
Suppose 5*v = -3*q + 11, 4*v + q - 10 = -2*q. Suppose -5*k - 91 = -v. Let p = k - -25. Is p a composite number?
False
Let h be (-4)/(-2) - (6 - 1). Is 105/2 + h/(-6) prime?
True
Let i(k) = 157*k**3 + 2*k**2 - 3*k + 1. Suppose -2*z + 2 = 0, 3*z - 16 = -3*t - 7. Is i(t) prime?
True
Let t = 15 - 15. Suppose t*m - 254 = -2*m. Is m a prime number?
True
Let z be 2/4 + (-9)/6. Is 1320/5 + 1*z composite?
False
Suppose -i - 1601 = -3*c, -4*c + 4*i + 1589 = -c. Is c a prime number?
False
Let z = -309 - -467. Suppose -d = -2*u + 167, 0*d = 2*u - 4*d - z. Is u prime?
False
Suppose 8*j = 4*j. Suppose 1 = -5*c - 3*s + 237, -5*c - s + 232 = j. Is c a composite number?
True
Suppose 5*b - 841 = -26. Is b prime?
True
Suppose 325 = f - 684. Is f prime?
True
Let g(l) = -10*l + 3. Let i(n) = n**3 - n**2 - 1. Let j be i(2). Suppose -25 = 2*s + j*s. Is g(s) a prime number?
True
Let l(a) = 8*a**2 - 6*a - 4. Is l(-5) composite?
True
Let z = -74 + 156. Is z a composite number?
True
Let m = 665 - 111. Is m prime?
False
Suppose -4*b - 4*g - g = 12, -2*g - 9 = 3*b. Let u be 0 + 83 + b + 3. Let z = u - 36. Is z a composite number?
False
Let p = 255 - -40. Is p a prime number?
False
Suppose -5*f = 2*h - 2945, 3*f + 0*h = 3*h + 1746. Is f composite?
False
Suppose 67 = -3*o + 250. Suppose 269 = -4*h + 9*h - 4*l, -h - l + o = 0. Is h prime?
False
Let u(m) = -m**2 + 2*m. Let q be u(1). Is ((-3)/((-9)/879))/q a prime number?
True
Let a(t) = -t + 6. Let x be a(-6). Is 3106/x + 10/60 a composite number?
True
Let n(a) = 4*a**3 + a**2 - 3*a + 1. Let l be n(3). Suppose -4*j - 4*c = -24, -7 - 7 = -5*j + 3*c. Suppose 3*y + j*z - 55 = 2*z, -z = -5*y + l. Is y prime?
False
Let t(g) be the third derivative of 47*g**5/60 + g**4/24 - g**3/6 + 8*g**2. Is t(-2) a composite number?
True
Let c = 5 + -11. Let t be 1 + 0*(-3)/c. Let j(h) = 16*h - 1. Is j(t) a prime number?
False
Suppose g + 1 = 8. Suppose 76 = n + g. Is n a prime number?
False
Let o(q) = -q**3 + 8*q**2 - q + 8. Let h be o(8). Suppose h*t - 1388 = -4*t. Is t composite?
False
Let z(y) = -128*y - 3. Is z(-4) a prime number?
True
Let v = 2616 + -1423. Suppose v - 191 = 2*r. Suppose r = 3*s - 276. Is s a composite number?
True
Suppose 3 = -3*n + 258. Is n prime?
False
Let g be (0 + 1)/((-2)/(-22)). Let z(t) = -t**3 + 11*t**2 + 2. Let f be z(g). Suppose 0 = k + f*q - 93, -k + 3*k = q + 171. Is k a composite number?
True
Let d(f) be the third derivative of f**6/40 - f**5/60 + f**4/24 + f**3/6 + f**2. Suppose 7*v - 19 = 2*v - 3*c, 4*v + 2*c - 14 = 0. Is d(v) prime?
True
Let g(w) = -9*w + 8. Let u be g(-6). Let h be (2/4)/((-1)/u). Let v = h - -62. Is v composite?
False
Let l = 20 + -34. Is 4/l + 1334/14 a composite number?
True
Let r(w) = w**3 + 5 - 4 + 4 - 6*w**2 + 0. Let f be r(6). Suppose -b + 5*p + 50 + 2